 - f. What is the greatest common divisor of 15 and r?
5
Suppose 3*f = -0*f + 18. What is the highest common divisor of f and 4?
2
Suppose 5*r - 4*r = 17. Calculate the greatest common divisor of r and 68.
17
Suppose 3*v - q = 57, 2*v + 52 = 4*v + 4*q. Calculate the highest common divisor of 4 and v.
4
Let o = 3 + -1. Let x be (-3 + 11)*(1 + 2). Let p be (o/(-4))/((-2)/x). Calculate the greatest common factor of 54 and p.
6
Let i be (0 - 1)/(1/(-2)). Let q be (-2)/((-27)/12 + i). Calculate the greatest common factor of q and 40.
8
Let d(a) = a**3 - 6*a**2 + 5*a + 2. Let c be d(5). Suppose 2*b = -c*n - 44 + 120, -b = -2*n + 88. Calculate the highest common factor of n and 28.
14
Let y be -1 - 0 - (-71 - -2). Let j(f) = f**3 + 4*f**2 - 6*f + 5. Let q be j(2). Calculate the greatest common divisor of q and y.
17
Let y(q) = 15*q**3 - 3*q - 8*q**3 + 0*q**3 - 6*q**3 + 8*q**2. Let c be y(-7). What is the highest common factor of 14 and c?
14
Let t be (8/12)/((-4)/(-18)). Let g be ((-3)/t)/((-2)/22). Calculate the greatest common divisor of g and 11.
11
Let c be ((-6)/(-8))/((-2)/(-8)). Let h = c + -6. Let m(w) = -18*w + 2. Let f be m(h). Calculate the highest common divisor of f and 8.
8
Let t be -1*25*(-2 - 0). What is the greatest common divisor of t and 10?
10
Let x(q) = q**3 + 7*q**2 - 2. Let y be x(-7). Let l be 13 + (y + 1)*1. Suppose 4*p = 47 + 73. What is the highest common factor of l and p?
6
Suppose 0 = -5*z - 3*h + 67, -5*z + 66 = -2*h - 6. What is the greatest common factor of 42 and z?
14
Suppose 4*d + 2*c = -0*d + 82, -3*c = -15. What is the greatest common divisor of 72 and d?
18
Let m = 3 + -3. Suppose -19 = -q - q + s, m = -5*s + 25. Calculate the highest common factor of q and 24.
12
Suppose x + 6 = 2*x. Let g be x - -2 - (-4)/2. Calculate the greatest common divisor of g and 40.
10
Suppose -97 = -5*m - 22. Let w be m*((-33)/(-9) - 3). What is the highest common divisor of 90 and w?
10
Let m(t) = -3*t**3 + t**2 - 2*t + 2. Let q be m(-3). What is the highest common divisor of 14 and q?
14
Let t = 107 + -7. Suppose -4*r + 2*w + 92 = 0, 4*w = -5*r - w + t. What is the highest common divisor of r and 88?
22
Let c(h) = -h**3 - 9*h**2 - 7*h + 8. Let w be c(-8). Let q = 11 + w. Suppose 3*s - 179 = -q. What is the highest common divisor of 7 and s?
7
Let j = -114 - -122. Calculate the highest common factor of j and 56.
8
Let n(z) = -14*z. Let o be n(-1). Let y be 4/((-8)/6)*-1. Let q be (-7)/((-8)/(-3) - y). What is the greatest common divisor of q and o?
7
Let o = 16 + -4. Let g = 116 + -56. What is the greatest common divisor of o and g?
12
Suppose 8 = 12*q - 10*q. Let r(s) = 29*s**2 - s. Suppose -4*z + 0 = -4. Let d be r(z). What is the highest common factor of q and d?
4
Suppose 0 = 4*s, s = -0*p + p - 4. Suppose -i + 2*i - 4 = 0. Suppose 8*o - i*o - 80 = 0. Calculate the greatest common divisor of o and p.
4
Let h(a) = -23*a**3 + a**2. Let v be h(-1). Let k = 35 - v. Calculate the highest common divisor of 121 and k.
11
Suppose 3*y + 12 = 39. Let j = y + -8. What is the greatest common factor of 9 and j?
1
Suppose 2*b + 2 = 0, 0 = 3*j + 3*b - 8 - 4. Suppose 4*r + a + 2*a = 20, 3*r + 4*a - 8 = 0. Let f = r + -6. Calculate the highest common factor of j and f.
1
Let i(d) = 8*d + 7*d**2 + 2*d**3 - 6 - 6*d**3 + 3*d**3. Let p be i(8). Let o be (0 + (-2)/4)*p. What is the highest common divisor of 27 and o?
3
Suppose g = -5*m + 76, g = -3*g - 16. Calculate the highest common divisor of 4 and m.
4
Let f = 21 - 9. Let s be (-61)/3*f/4. Let m = s - -111. Calculate the greatest common divisor of 20 and m.
10
Suppose 4*m - d - 8 = -3, 4*d - 2 = 5*m. Suppose -m*h = -h + 5. Let j be (h - -2) + 17 + -2. What is the highest common factor of j and 60?
12
Let x(c) = 4*c**2 + 3*c - 2. Let p be x(1). What is the highest common divisor of p and 1?
1
Let b(o) = o**3 - 4*o**2 - 10*o + 8. Let y be b(6). Let v be (y/(-4) - -4) + 61. What is the highest common factor of v and 10?
10
Let a = -143 + 175. Suppose -h = -0*h - 48. What is the greatest common factor of a and h?
16
Let l = -33 - -23. Let q be -1 - (-1 + l + 3). Suppose 3*s - 264 = -4*u, 0 = 2*u + s - 5*s - 110. What is the highest common divisor of q and u?
7
Let o(d) = -d**3 - 3*d**2 - 4*d + 5. Suppose -4*b - 2*y - 14 = 0, -5*b - 12 + 2 = 5*y. Let j be o(b). Calculate the highest common factor of 30 and j.
15
Let d = 15 + 3. Let t = 572 + -374. What is the highest common factor of d and t?
18
Let v(g) be the second derivative of g**5/20 + g**4/6 - 2*g**3/3 + 2*g**2 + g. Let n be v(-4). Let h = 17 + n. What is the greatest common factor of h and 5?
5
Let r(l) = l**3 + 4*l**2 - 6*l - 4. Let f = -6 - -2. Let z be r(f). Calculate the highest common divisor of 8 and z.
4
Let c be 147/(-14)*20/(-6). Calculate the highest common factor of 315 and c.
35
Let m = 47 - 35. Let o(s) = s + 6. Let d be o(-4). Suppose 0*w + 16 = d*w. Calculate the highest common factor of w and m.
4
Let d = -1 + 5. Suppose d*v - 53 = 107. What is the highest common factor of v and 60?
20
Let h = 1 + -6. Let w = 7 + h. Suppose 5*f + 10 = 0, -2*r - w*f - 3*f = -34. Calculate the highest common factor of r and 66.
22
Let k(g) = 8*g - 72. Let h be k(14). Calculate the highest common divisor of 280 and h.
40
Let z be (-4)/14 - 237/(-21). Let n be (-13 + 3)*1/2. Let w = n - -27. What is the highest common factor of w and z?
11
Suppose m = -5*b - m + 821, 163 = b + m. Calculate the highest common factor of 33 and b.
33
Let a = 49 - 35. Let n = a - 13. Calculate the highest common divisor of 8 and n.
1
Let a = -28 + 34. Suppose 0 = 4*o + 69 - 217. Suppose a = 3*r, 5*k - o = r + 3*r. Calculate the greatest common factor of 18 and k.
9
Let l(y) = y**2 - 7*y. Let u be l(5). Let k be 3478/10 + (-2)/u. Suppose 5*t - 888 = -k. Calculate the highest common factor of 12 and t.
12
Let d be 22 + 0 - 0/(-8). Suppose 2*l + 8 = d. Calculate the greatest common factor of l and 7.
7
Suppose 2*m = 131 - 41. Calculate the highest common divisor of m and 30.
15
Let w = 7 - -3. Calculate the highest common factor of 4 and w.
2
Suppose -3*f + 8 = -7. Let v = 14 + -4. Calculate the greatest common divisor of f and v.
5
Let s be (-7)/14 + (-15)/(-2). Suppose 20 = 8*n - s*n. What is the greatest common divisor of n and 30?
10
Suppose 0 = -2*m - 4*l - 104, -m + 6*l = l + 52. Let u = -148 + 232. Let b = m + u. What is the highest common divisor of 80 and b?
16
Let y be 2/(-13) + 30/26. Let j = -6 + 5. Let x = j + 12. What is the greatest common divisor of y and x?
1
Suppose 4*n = -3*h + 106 - 5, -3*h = -n + 14. Calculate the highest common factor of n and 69.
23
Let h = 64 - 26. Calculate the greatest common factor of h and 190.
38
Let r be 696/14 + (-4)/(-14). Suppose -8 = -4*i - 2*b, 2*i + 10 = 7*i - b. Let g be ((-15)/i)/((-9)/12). Calculate the highest common factor of r and g.
10
Let m = -8 - -12. Suppose -4*q = -5*v - 148, -m*v = -2*q - v + 72. Calculate the greatest common divisor of q and 28.
14
Let t = -6 + 8. Calculate the highest common divisor of 2 and t.
2
Let l(k) = -3*k + 7. Let d be l(-11). Suppose 0 = 5*h + j - 50, -5*j = -4*h - 0*j + d. What is the greatest common divisor of h and 110?
10
Let p be (-6)/(-2) - (0 + -12). Let m(q) = q - 10. Let l be m(0). Let d be ((-36)/l)/(1/p). Calculate the greatest common divisor of 6 and d.
6
Suppose 2*f - 1 = 1. Let d(x) = 2*x**2 - 14*x - 5. Let s be d(8). Calculate the highest common divisor of s and f.
1
Suppose p - 6 = 29. Let z = 73 - p. What is the highest common factor of z and 19?
19
Let v = -1 - 1. Let y be 4/v + 0 - -8. Suppose 3*q - 17 = 5*n, 5*q + 2*n = 5*n + 23. Calculate the greatest common divisor of q and y.
2
Let j = -25 + 75. Calculate the greatest common divisor of 30 and j.
10
Let f = -33 - -56. Suppose -4*c + 568 = -244. Let u = c - 42. What is the greatest common factor of f and u?
23
Let x(n) be the first derivative of n**3/3 - 5*n**2/2 + n - 3. Let d be x(7). Calculate the greatest common divisor of d and 75.
15
Let r be (-36)/10*5/(-2). Let n be 3*6*6/r. Suppose -77 = -2*a - 5. Calculate the greatest common divisor of n and a.
12
Let t = 106 - -139. Calculate the highest common divisor of 35 and t.
35
Let h be (-4)/(-10) + (-12)/(-20). Let i be (3 - (-4 - 0)) + -2. What is the 